 245?
5
What is the highest common divisor of 288 and 34464?
96
Calculate the greatest common divisor of 216 and 14904.
216
What is the highest common divisor of 4 and 49?
1
Calculate the greatest common factor of 60 and 5.
5
What is the highest common divisor of 2055 and 195?
15
What is the greatest common divisor of 3447 and 9?
9
Calculate the greatest common divisor of 48 and 208.
16
Calculate the highest common factor of 296 and 999.
37
What is the greatest common divisor of 6004 and 380?
76
What is the highest common divisor of 174 and 2668?
58
What is the highest common divisor of 104 and 5564?
52
Calculate the greatest common factor of 408 and 264.
24
What is the highest common divisor of 6 and 573?
3
What is the highest common factor of 144 and 2064?
48
Calculate the highest common factor of 272 and 64.
16
Calculate the greatest common factor of 38 and 12.
2
Calculate the highest common divisor of 30 and 5330.
10
What is the highest common factor of 1105 and 170?
85
Calculate the highest common factor of 75 and 120.
15
What is the greatest common divisor of 768 and 36?
12
What is the highest common factor of 180 and 42660?
180
Calculate the greatest common factor of 101 and 6161.
101
Calculate the greatest common factor of 27234 and 9.
9
What is the highest common divisor of 1017 and 113?
113
Calculate the highest common divisor of 37118 and 201.
67
Calculate the greatest common factor of 85 and 34.
17
What is the highest common divisor of 72 and 7416?
72
Calculate the greatest common divisor of 3034 and 82.
82
What is the greatest common divisor of 480 and 980?
20
Calculate the highest common divisor of 430 and 10.
10
Calculate the greatest common divisor of 645 and 15.
15
Calculate the greatest common divisor of 336 and 21.
21
Calculate the greatest common factor of 237 and 1817.
79
Calculate the greatest common factor of 2535 and 60.
15
Calculate the greatest common divisor of 14 and 1834.
14
Calculate the highest common divisor of 1122 and 18326.
374
What is the greatest common factor of 14521 and 13?
13
Calculate the highest common divisor of 8 and 38.
2
What is the greatest common divisor of 22 and 10?
2
What is the greatest common divisor of 3 and 100?
1
What is the greatest common factor of 76 and 11?
1
Calculate the highest common factor of 524 and 2489.
131
What is the highest common divisor of 165 and 22?
11
What is the highest common divisor of 115 and 874?
23
Calculate the highest common divisor of 62 and 1426.
62
What is the greatest common divisor of 616 and 352?
88
Calculate the highest common factor of 3332 and 102.
34
What is the greatest common factor of 255 and 10?
5
What is the greatest common divisor of 10 and 40?
10
Calculate the highest common divisor of 24 and 15996.
12
Calculate the highest common factor of 720 and 48.
48
What is the greatest common factor of 21832 and 8?
8
Calculate the greatest common divisor of 9300 and 155.
155
Calculate the greatest common factor of 81 and 4293.
81
Calculate the greatest common factor of 140 and 260.
20
What is the highest common divisor of 8405 and 5?
5
What is the highest common factor of 111 and 1702?
37
Calculate the greatest common divisor of 2349 and 14616.
261
What is the highest common factor of 118 and 3009?
59
Calculate the greatest common divisor of 286 and 312.
26
What is the greatest common divisor of 666 and 9?
9
What is the greatest common divisor of 222 and 102?
6
What is the highest common factor of 27 and 135?
27
Calculate the greatest common factor of 18 and 3546.
18
What is the highest common factor of 38 and 4?
2
Calculate the greatest common divisor of 5149 and 57.
19
Calculate the greatest common factor of 33 and 3509.
11
What is the greatest common divisor of 20 and 3140?
20
Calculate the greatest common divisor of 14017 and 131.
131
Calculate the greatest common divisor of 257 and 14.
1
Calculate the highest common divisor of 2 and 162.
2
What is the greatest common divisor of 15 and 8610?
15
What is the greatest common divisor of 30 and 105?
15
What is the highest common factor of 73 and 1825?
73
Calculate the greatest common divisor of 110 and 5170.
110
What is the highest common divisor of 201 and 938?
67
Calculate the highest common divisor of 4216 and 310.
62
What is the highest common divisor of 13483 and 278?
139
What is the highest common factor of 247 and 171?
19
What is the greatest common factor of 988 and 52?
52
What is the greatest common factor of 225 and 400?
25
What is the highest common divisor of 81 and 3321?
81
Calculate the highest common divisor of 1050 and 63.
21
What is the highest common divisor of 2565 and 380?
95
What is the greatest common factor of 2432 and 456?
152
Calculate the greatest common divisor of 63 and 294.
21
What is the highest common divisor of 1628 and 132?
44
What is the highest common divisor of 2440 and 40?
40
What is the greatest common factor of 368 and 2116?
92
What is the greatest common factor of 64 and 816?
16
What is the highest common divisor of 519 and 692?
173
Calculate the greatest common factor of 406 and 2552.
58
Calculate the greatest common factor of 10526 and 114.
38
Calculate the greatest common divisor of 219 and 8103.
219
Calculate the greatest common divisor of 462 and 396.
66
What is the highest common factor of 1462 and 172?
86
What is the highest common divisor of 352 and 22?
22
Calculate the highest common factor of 31 and 124.
31
What is the greatest common factor of 150 and 42150?
150
What is the greatest common factor of 3474 and 72?
18
Calculate the greatest common divisor of 2993 and 219.
73
Calculate the greatest common divisor of 441 and 114219.
441
What is the greatest common factor of 77 and 11?
11
Calculate the highest common divisor of 402 and 12.
6
Calculate the highest common factor of 592 and 370.
74
What is the highest common divisor of 483 and 138?
69
What is the greatest common divisor of 51 and 2448?
51
Calculate the highest common factor of 9 and 36.
9
What is the greatest common divisor of 11110 and 55?
55
Calculate the greatest common factor of 89390 and 70.
70
Calculate the highest common factor of 61512 and 264.
264
What is the greatest common factor of 24 and 32?
8
What is the highest common factor of 405 and 60?
15
What is the highest common factor of 50 and 15?
5
What is the greatest common factor of 35 and 24535?
35
What is the highest common factor of 90 and 1440?
90
What is the highest common factor of 370 and 222?
74
What is the highest common divisor of 15 and 10?
5
What is the highest common divisor of 153 and 85?
17
Calculate the highest common divisor of 11017 and 23.
23
Calculate the greatest common divisor of 39 and 273.
39
What is the greatest common divisor of 885 and 60?
15
Calculate the highest common factor of 963 and 19581.
321
What is the greatest common factor of 39643 and 29?
29
What is the highest common factor of 231 and 385?
77
Calculate the highest common factor of 23 and 4623.
23
What is the highest common factor of 60 and 270?
30
Calculate the highest common divisor of 6 and 9.
3
What is the highest common divisor of 124 and 24707?
31
Calculate the greatest common divisor of 2451 and 3483.
129
Calculate the highest common divisor of 46 and 8234.
46
What is the greatest common divisor of 24 and 54?
6
What is the greatest common divisor of 6775 and 75?
25
What is the greatest common factor of 624 and 39?
39
What is the greatest common divisor of 12 and 20?
4
What is the greatest common factor of 1007 and 76?
19
What is the greatest common factor of 301 and 344?
43
What is the greatest common factor of 427 and 183?
61
Calculate the greatest common factor of 446 and 2.
2
Calculate the highest common factor of 520 and 160.
40
What is the greatest common factor of 2511 and 31?
31
Calculate the highest common factor of 2056 and 24.
8
Calculate the highest common divisor of 1053 and 162.
81
What is the greatest common factor of 2445 and 15?
15
What is the greatest common factor of 33 and 253?
11
What is the greatest common divisor of 158 and 3081?
79
What is the greatest common divisor of 26 and 6227?
13
What is the highest common divisor of 144 and 414?
18
What is the highest common factor of 184 and 10649?
23
Calculate the greate